s 15731 a prime number?
True
Is 6197 prime?
True
Is 27197 composite?
False
Is 7721 a composite number?
True
Is 5189 a prime number?
True
Is 3037 a composite number?
False
Is 75413 a prime number?
False
Is 60699 composite?
True
Is 105695 composite?
True
Is 17065 prime?
False
Is 681089 composite?
False
Is 112621 prime?
True
Is 3967 prime?
True
Is 10489 composite?
True
Is 51871 composite?
False
Is 188161 a prime number?
False
Is 26905 a prime number?
False
Is 799003 a prime number?
True
Is 18111 composite?
True
Is 2719 composite?
False
Is 5969 a prime number?
False
Is 868477 a prime number?
False
Is 2612474 composite?
True
Is 1865341 prime?
True
Is 56299 a composite number?
False
Is 1967171 a prime number?
True
Is 11843 a composite number?
True
Is 4889 composite?
False
Is 631 a prime number?
True
Is 15395 a prime number?
False
Is 402707 a composite number?
True
Is 804801 a prime number?
False
Is 1949 a prime number?
True
Is 340162 prime?
False
Is 39511 prime?
True
Is 26981 a composite number?
False
Is 147737 prime?
False
Is 1177967 a composite number?
True
Is 1312459 composite?
False
Is 524497 a composite number?
False
Is 28639 a composite number?
True
Is 22823 composite?
True
Is 51449 prime?
True
Is 1397873 a composite number?
False
Is 155549 prime?
False
Is 10705 a composite number?
True
Is 96157 a prime number?
True
Is 104491 a prime number?
True
Is 180929 a composite number?
True
Is 23453 a prime number?
False
Is 187337 a prime number?
True
Is 50789 a prime number?
True
Is 3274 a prime number?
False
Is 11273 a composite number?
False
Is 10049 a prime number?
False
Is 497649 prime?
False
Is 67495 prime?
False
Is 33571 composite?
True
Is 304957 prime?
False
Is 205061 a composite number?
True
Is 40459 composite?
False
Is 679 prime?
False
Is 4621 a prime number?
True
Is 91601 a composite number?
True
Is 24949 composite?
True
Is 263363 a prime number?
False
Is 29411 a composite number?
False
Is 134207 composite?
False
Is 15187 composite?
False
Is 7367 a composite number?
True
Is 54037 a prime number?
True
Is 323819 a prime number?
True
Is 11054 prime?
False
Is 19777 a composite number?
False
Is 35419 a prime number?
True
Is 271893 prime?
False
Is 5039 prime?
True
Is 3791 prime?
False
Is 49409 a composite number?
False
Is 24391 a prime number?
True
Is 8461 a composite number?
False
Is 40085 a prime number?
False
Is 38011 a composite number?
False
Is 16217 composite?
False
Is 5163 prime?
False
Is 152753 a prime number?
True
Is 1419437 prime?
False
Is 49641 composite?
True
Is 296921 a prime number?
True
Is 131545 composite?
True
Is 10211 prime?
True
Is 12599 a prime number?
False
Is 5261 prime?
True
Is 147853 composite?
False
Is 250777 composite?
False
Is 37385 composite?
True
Is 18637 composite?
False
Is 787 prime?
True
Is 4561 composite?
False
Is 1340945 a composite number?
True
Is 7949 a composite number?
False
Is 192849 a prime number?
False
Is 11641 a composite number?
True
Is 197093 a composite number?
True
Is 2447 a composite number?
False
Is 418507 a composite number?
True
Is 547915 a prime number?
False
Is 88721 prime?
True
Is 14379 prime?
False
Is 227729 composite?
False
Is 877 composite?
False
Is 871553 composite?
False
Is 83879 composite?
True
Is 20959 prime?
True
Is 1176631 prime?
True
Is 277673 a composite number?
True
Is 47599 prime?
True
Is 191 a prime number?
True
Is 3071 composite?
True
Is 1535 composite?
True
Is 133 a prime number?
False
Is 47777 a composite number?
False
Is 625973 composite?
True
Is 3793 a composite number?
False
Is 79505 a prime number?
False
Is 97673 prime?
True
Is 694747 a prime number?
True
Is 51929 a prime number?
True
Is 37547 prime?
True
Is 1454195 a prime number?
False
Is 1167385 a prime number?
False
Is 405487 composite?
False
Is 573689 prime?
False
Is 9458 prime?
False
Is 117307 composite?
False
Is 1511 prime?
True
Is 181183 a composite number?
False
Is 3641 a composite number?
True
Is 40063 prime?
True
Is 1764206 composite?
True
Is 127709 prime?
True
Is 229339 a composite number?
True
Is 1821 composite?
True
Is 21787 a composite number?
False
Is 24169 a composite number?
False
Is 24061 a composite number?
False
Is 170627 prime?
True
Is 29371 a prime number?
False
Is 502121 a composite number?
False
Is 565889 composite?
False
Is 4874 a composite number?
True
Is 132929 prime?
True
Is 858623 prime?
True
Is 5941 prime?
False
Is 4184761 a composite number?
True
Is 31463 a prime number?
False
Is 253763 a composite number?
False
Is 77533 composite?
True
Is 2237 a prime number?
True
Is 87817 composite?
True
Is 127399 a prime number?
True
Is 23083 prime?
False
Is 123989 composite?
False
Is 2187193 composite?
False
Is 2127 a prime number?
False
Is 855781 a prime number?
True
Is 15853 prime?
False
Is 287597 a composite number?
False
Is 3052351 a composite number?
False
Is 17093 composite?
False
Is 145753 a prime number?
True
Is 15986 composite?
True
Is 38989 composite?
True
Is 60733 a prime number?
True
Is 3407 a composite number?
False
Is 30341 a prime number?
True
Is 42323 a prime number?
True
Is 260569 a composite number?
False
Is 3202495 composite?
True
Is 460729 prime?
False
Is 7481 prime?
True
Is 5032471 a composite number?
False
Is 35367 prime?
False
Is 8407 a prime number?
False
Is 4003889 composite?
True
Is 1509 a composite number?
True
Is 3491 a composite number?
False
Is 34819 a composite number?
False
Is 4703 a composite number?
False
Is 66161 a prime number?
True
Is 10669 prime?
False
Is 111442 prime?
False
Is 160619 prime?
True
Is 47447 a composite number?
True
Is 4187 prime?
False
Is 487507 a prime number?
True
Is 20563 a prime number?
True
Is 3622533 prime?
False
Is 18589 prime?
False
Is 23773 a prime number?
True
Is 733 prime?
True
Is 15217 prime?
True
Is 18973 composite?
False
Is 326119 composite?
False
Is 1428359 composite?
False
Is 6261 prime?
False
Is 11201 composite?
True
Is 24931 composite?
True
Is 418883 composite?
False
Is 4752247 a prime number?
True
Is 29515 a prime number?
False
Is 107339 composite?
False
Is 4835 prime?
False
Is 9349 a composite number?
False
Is 5435857 a prime number?
False
Is 43837 a prime number?
False
Is 950269 a composite number?
False
Is 12391 composite?
False
Is 918431 prime?
True
Is 209093 prime?
False
Is 967 a prime number?
True
Is 4127 prime?
True
Is 111883 a composite number?
True
Is 580741 prime?
False
Is 251509 a composite number?
True
Is 252803 composite?
True
Is 251 prime?
True
Is 18923 prime?
False
Is 11293 composite?
True
Is 5779 a prime number?
True
Is 147569 a prime number?
False
Is 399401 a prime number?
True
Is 2199 a composite number?
True
Is 25841 composite?
False
Is 122533 a prime number?
True
Is 7133 a composite number?
True
Is 8309 a composite number?
True
Is 751213 a composite number?
True
Is 25157 a prime number?
False
Is 25867 composite?
False
Is 5230559 prime?
False
Is 192571 composite?
False
Is 72739 composite?
False
Is 120203 a prime number?
False
Is 95113 a prime number?
False
Is 14143 a composite number?
False
Is 80917 a composite number?
False
Is 120751 a prime number?
False
Is 1247 a composite number?
True
Is 541 composite?
False
Is 3863 a prime number?
True
Is 14369 a composite number?
False
Is 61853 prime?
False
Is 2653 composite?
True
Is 86539 composite?
False
Is 930799 prime?
False
Is 4493 a prime number?
True
Is 396413 composite?
False
Is 7907 a prime number?
True
Is 5147 composite?
False
Is 1227619 a composite number?
False
Is 80915 a prime number?
False
Is 5071 a composite number?
True
Is 68813 prime?
True
Is 2965 a composite number?
True
Is 17569 a prime number?
True
Is 9551741 composite?
False
Is 256213 prime?
False
Is 55793 composite?
False
Is 38029 prime?
False
Is 37865 a composite number?
True
Is 80141 composite?
False
Is 168931 composite?
True
Is 3563 prime?
False
Is 354619 a composite number?
False
Is 702629 a composite number?
True
Is 53231 prime?
True
Is 81727 composite?
False
Is 10409 prime?
False
Is 642839 prime?
False
Is 103426 composite?
True
Is 76031 composite?
False
Is 475129 a composite number?
True
Is 569573 prime?
True
Is 174297 prime?
False
Is 189694 prime?
False
Is 3755 composite?
True
Is 5469 composite?
True
Is 247301 a composite number?
False
Is 563489 a composite number?
False
Is 33457 a prime number